)/2. Calculate the greatest common divisor of g and 160.
20
Let z = 526 - 326. What is the highest common factor of 40 and z?
40
Let x(h) = -7*h - 36. Let b be x(-7). What is the greatest common factor of 65 and b?
13
Suppose 6*p = 2*p - 868. Let c = -146 - p. Let i = c - -17. What is the greatest common divisor of 11 and i?
11
Suppose 5*r - 5*d = 45, -2*d - 39 = -5*r + d. Let i(v) = 2*v - 1. Let u be i(r). What is the greatest common factor of 11 and u?
11
Suppose 0*w = 5*w - 25. What is the greatest common factor of 25 and w?
5
Suppose -5*r - 1 + 36 = 0. Suppose -5*a = -128 - 152. What is the greatest common divisor of r and a?
7
Let c be 3*4/6 - -1. Suppose c*z + 2*z + 765 = -5*t, -810 = 5*t - 4*z. Let s = -81 - t. What is the highest common factor of 7 and s?
7
Let w(c) = -c**3 - 4*c**2 + 22*c - 11. Let s be w(-10). Calculate the greatest common divisor of s and 41.
41
Let c(n) = n**3 - 10*n**2 + 11*n - 3. Let a(p) = p**3 - 4*p**2 + p + 5. Let v be a(4). Let u be c(v). What is the highest common factor of u and 120?
15
Let w(h) = h**2 + 2*h - 3. Let f be w(7). Suppose -14 = -k - 2. What is the highest common factor of f and k?
12
Suppose -5*u = -293 - 207. Let y be 118/3 - (-8)/12. What is the highest common divisor of y and u?
20
Suppose -396 = 6*j - 10*j. What is the greatest common divisor of 9 and j?
9
Let d(l) = -l - 2. Let g be -9 + (-1 - -3*1). Let c be d(g). Let q = 111 + -109. What is the greatest common factor of c and q?
1
Let j = -9 + 37. What is the greatest common divisor of j and 14?
14
Let v(f) = -f**2 - 8*f + 24. Let y be v(-10). Suppose -5*x = y*i, 0*x + 2*x + 4*i = -12. Calculate the greatest common factor of x and 36.
4
Let n = -20 - -116. What is the greatest common divisor of 3 and n?
3
Let r = -5 + 10. Let i = r - 3. Suppose 3*v + 9 = i*v - 5*l, 5*l + 25 = 0. Calculate the highest common factor of v and 48.
16
Let c be (-31)/(-2) - 10/20. Let h be (-15)/6*(-6)/5. Calculate the greatest common factor of h and c.
3
Suppose -17 = -3*b + 25. Calculate the highest common factor of b and 35.
7
Let d(p) = 3*p**2 - 4*p + 23. Let a be d(9). What is the greatest common factor of 23 and a?
23
Suppose 11 = 10*r - 9. What is the highest common factor of 28 and r?
2
Suppose -w + 4*f + 56 = 0, 4*w - 281 = 3*f - 6*f. Calculate the greatest common factor of w and 17.
17
Let a = 26 - 14. Calculate the greatest common divisor of a and 4.
4
Suppose -14 - 46 = -5*s. Calculate the greatest common divisor of 108 and s.
12
Let a = -11 - -10. Let z(r) = 31*r**2 + 2*r + 1. Let s be z(a). What is the highest common divisor of s and 75?
15
Let j = -85 + 211. Calculate the highest common divisor of 14 and j.
14
Let y(q) = 8*q. Let s = 0 + 1. Let x be y(s). Let t(v) = -2*v**3 + 7*v**2 - 3*v + 1. Let o be t(3). Calculate the greatest common factor of x and o.
1
Suppose 3*i = w - 13 - 1, 2*w - 2*i = 8. Let y(g) = g**2 + g. Let s be y(w). Let f be s*(-3)/6 - -11. Calculate the greatest common divisor of 11 and f.
11
Suppose u + 8*u = 1215. What is the highest common factor of 27 and u?
27
Let x be (-200)/(-3)*18/15. Let o be (0 - 0) + x/4. Let t be 446/10 + 8/o. Calculate the greatest common divisor of 15 and t.
15
Suppose -5*h + 4*h = -5*q - 33, 2*h = -5*q - 9. What is the greatest common divisor of 8 and h?
8
Suppose -d = -4*w + 845, d + 0*d = -3*w + 625. What is the greatest common factor of w and 30?
30
Suppose 0 = -4*m - 5 + 29. Let t be -7*1*(-30)/35. Calculate the greatest common factor of m and t.
6
Suppose -24 = 7*n - 10*n. Calculate the highest common factor of n and 48.
8
Let v be (-2 + 1/1)*-15. Let b(m) = -2*m. Let o(h) = -168*h. Let f(a) = -108*b(a) + 2*o(a). Let d be f(-1). Calculate the greatest common factor of d and v.
15
Let w be (5/(-5))/((-2)/216). What is the highest common factor of w and 36?
36
Let y = 117 + 251. What is the highest common factor of y and 46?
46
Let k = 364 - 45. What is the highest common factor of k and 29?
29
Let x be (-2 - -5) + -3 + 16. What is the highest common factor of 2 and x?
2
Let p be (-1)/((-322)/(-162) + -2). What is the greatest common factor of p and 9?
9
Suppose -5*g + 4 = u, -2*u - 1 = g - 0*u. Calculate the highest common divisor of g and 4.
1
Let h = 10 + -1. What is the greatest common factor of h and 36?
9
Let b(a) = 6*a**2 - 2*a - 1. Suppose 0 = -3*c - 2 + 11. Let x be b(c). Let r = x - -29. What is the highest common factor of r and 19?
19
Let i(g) = -g**3 - 3*g**2 - 2*g + 2. Let h be i(-2). Let k = -1 + h. What is the greatest common divisor of k and 7?
1
Let r(n) be the first derivative of n**4/4 - n**3/3 - n**2/2 + 42*n - 1. Let j be r(0). Calculate the greatest common divisor of 28 and j.
14
Let l = -6 + 4. Suppose 6 = 3*f - 6. Let j = l + f. What is the highest common factor of 14 and j?
2
Let f be (-3 + (4 - 2))/(2/(-38)). What is the greatest common divisor of 76 and f?
19
Let y be 31*2 + (0 - -1). Let a be 4*1 - (-90)/(-10). Let o = 2 - a. Calculate the highest common factor of y and o.
7
Let c be (-26)/((-5)/((-5)/(-2))). Let s = 20 + c. Calculate the greatest common divisor of 165 and s.
33
Suppose -c - 3*c + 8 = 0. Let h be ((-4)/(-3) - c)*-39. What is the greatest common divisor of 13 and h?
13
Suppose 5*m + 3*d = 59, -2*d + d - 37 = -4*m. What is the greatest common factor of m and 70?
10
Suppose 6*d - 160 = 4*d. Suppose -5 = -f + 5. Calculate the highest common divisor of d and f.
10
Suppose 3*k + 120 = 2*n, -3*n + 5*n - 2*k = 122. Calculate the greatest common divisor of 21 and n.
21
Let o be 22/(-121) + (-708)/(-22). What is the highest common factor of o and 48?
16
Suppose -4*b + 2*b + 2 = 0. Let x = -1 + 2. Calculate the greatest common divisor of x and b.
1
Let g(p) = p + 6. Let a(o) = o + 7. Let j be a(-7). Let l be g(j). Calculate the highest common divisor of 2 and l.
2
Let y = 75 - 39. Suppose 0 = k - 2 - 16. Calculate the highest common factor of y and k.
18
Suppose -4*c + 119 = 43. What is the greatest common factor of 38 and c?
19
Let i = 9 + 8. What is the highest common divisor of 17 and i?
17
Let d be (426/9 - 3) + 3/(-9). What is the highest common divisor of d and 132?
44
Let t = 1 - -2. Suppose -t*n = -0*n - 48. Calculate the highest common factor of n and 80.
16
Let r(x) be the third derivative of 11*x**5/60 - x**4/12 - x**3/2 + 2*x**2. Let a be r(-2). Calculate the greatest common divisor of a and 15.
15
Let y = 92 - 68. Calculate the highest common factor of 192 and y.
24
Suppose -7*t + 11*t = -20. Let p(i) = -5*i - 5. Let k be p(t). Suppose -2*a + 25 = -3*f, a - 6*a - 5*f + 25 = 0. What is the greatest common divisor of a and k?
4
Suppose 4*u + 3*j - j = 16, 0 = 2*j + 8. Let h = 10 - -1. Let a = h - 10. What is the highest common factor of a and u?
1
Suppose 2*d = 4*t - 3*t - 25, 3*t = 4*d + 65. Suppose -3*i - t = 0, h + 3 = -2*i - 2. What is the highest common factor of h and 55?
5
Let j be (-2)/(-10) - 14/(-5). Let w = 4 - j. Let m be 1*(4 + -1 - w). Calculate the highest common factor of m and 5.
1
Suppose 0*l = -3*m + l + 51, 4*l = -12. Calculate the highest common factor of 128 and m.
16
Let x(u) = 8 - 5*u + 7*u - u. Let z be x(14). Calculate the greatest common divisor of z and 33.
11
Suppose 2*t = -3*a - 4, -16 = 2*a + 2*a. Suppose 5*j - 20 = -2*n, -2*j + 0 + 30 = 3*n. What is the greatest common factor of n and t?
2
Suppose 2*s - 194 = 6. Suppose 4*w + v - 162 = 0, -v = -5*w + v + 196. Let z = s - w. Calculate the highest common divisor of 24 and z.
12
Let j = 828 - 524. What is the greatest common factor of 38 and j?
38
Suppose 13 = 2*i - 13. Calculate the highest common factor of 117 and i.
13
Let x be ((-4)/5)/(2/(-5)). Let q(p) = 0*p - p**3 + 0 - 1 - 2*p - 2*p**x. Let m be q(-2). What is the highest common factor of 15 and m?
3
Let a(r) = 5*r**2 - 12*r. Let v be a(4). Calculate the greatest common divisor of 16 and v.
16
Let z(a) = -a**3 + 6*a**2 + 7*a - 8. Let s be z(6). Let g = s + -20. Calculate the highest common factor of 98 and g.
14
Let w be (16/(-10))/((-6)/15). Suppose 6 = r - 2*j, w*r + r - 65 = 3*j. What is the highest common divisor of r and 40?
8
Suppose -26 = -3*a + 1. Let p(q) = q - 9. Let j be p(a). Let b be (j + 5*-2)*-1. What is the highest common factor of b and 70?
10
Let r(c) = c**3 - 8*c**2 + 8*c + 11. Let j be